1
Let l be (-5)/(-4)*(-3 - -7) + -2. Let k be (-10)/5 + 4 + (l - 1). Suppose 0 = k*s - 37 - 11. What is the tens digit of s?
1
Suppose -7*y = -3*s + 251366, 251369 = 8*s - 5*s - 4*y. What is the ten thousands digit of s?
8
Let i be (-13)/5 - 291/(-485). What is the units digit of (-135)/72*-2 + i/(-8)?
4
Let p(i) be the second derivative of -7/3*i**3 - 7/2*i**2 + 17*i + 0. What is the units digit of p(-5)?
3
Let g(s) = -3*s + 51. Let r be g(17). Suppose -6*o + 4*o + 2*k = -802, -4*o + k + 1604 = r. What is the units digit of o?
1
Suppose 0 = 3*g + s - 10, -4*s = g + 3 - 21. Suppose 7 = -2*h + 5, j - 254 = -g*h. What is the hundreds digit of j?
2
Let j(w) be the third derivative of 43*w**4/24 - 5*w**3/2 - 30*w**2. What is the hundreds digit of j(4)?
1
Let n(k) = -k**2 - 12*k - 24. Let w be n(-13). Let m be (-3 - w)*(-6 + 11). Suppose m = 3*r + j, -3*j = -r + 77 - 27. What is the units digit of r?
6
Let n = -15751 - -32117. What is the tens digit of n?
6
Let l(n) be the third derivative of -19*n**6/360 - 5*n**5/24 - 5*n**4/8 - 17*n**2. Let k(x) be the second derivative of l(x). What is the units digit of k(-6)?
3
Let w be 80728/10 - (-2 - 63/(-35)). Suppose -8*d + w = 15*d. What is the hundreds digit of d?
3
Let q be (-4 + 1)/((-3)/2). Let o be 14/((-168)/30) - (-210)/12. Suppose q*t = -o + 125. What is the units digit of t?
5
Let z = 67 - 70. Let r be (z + 32/12)/((-2)/12). Suppose 2*p = -4*w - 3*p + 224, -r*w - 3*p + 114 = 0. What is the units digit of w?
1
Let a be ((-106)/(-6))/((-1)/3). Let m = -1112 + 1133. Let t = m - a. What is the tens digit of t?
7
Let d = 4906 - -6102. What is the ten thousands digit of d?
1
Suppose -2733*l + 2729*l = -17332. What is the hundreds digit of l?
3
Let l be 412 + (-3 - 28/7). Suppose -2*u + l = -d - 2*d, 4*u = -d + 803. What is the hundreds digit of u?
2
Suppose -927 = -2*w + 5*j, 0 = -j - 1. Suppose 3*k - w = x, -6*x + 4*x = -5*k + 768. What is the hundreds digit of k?
1
Suppose 5*j - 10*j = -3*z + 19, -4*j = -3*z + 17. What is the tens digit of z*(-4)/(-24)*146*11?
0
Suppose m = 3*t + 5, 3*m + 5*t - 4*t = 15. Suppose m*u = -s + 948, -39 = u - 38. What is the tens digit of s?
5
What is the hundreds digit of ((-40962)/4)/(150/(-40) + 3)?
6
Suppose 17*b = 6497 + 10690. Let q = b + -618. What is the units digit of q?
3
Let t = -58 + 56. Let w(r) = 138*r**2 + 8*r + 21. What is the hundreds digit of w(t)?
5
Suppose 0 = 4203*v - 4196*v - 29232. What is the units digit of v?
6
Suppose -4*r + 3*t + 20700 - 6369 = 0, -14323 = -4*r - 5*t. What is the hundreds digit of r?
5
Let u be (0 + 1)*(-213 + -4)/(-1). Suppose l + u = 5*k, k + k + 3*l = 97. Let m = 12 + k. What is the units digit of m?
6
Let w = -170 + 233. Let g = 198 - w. What is the units digit of g?
5
Let q = 97 + 886. Let o = q - 630. What is the units digit of o?
3
Let a(g) = 8*g + 183. Let p be a(-23). What is the hundreds digit of 743 + 10 + (p - 2)?
7
Suppose 0 = -73*r + 80*r - 5243. Suppose -3*m = -6, r = 3*l - 3*m + m. What is the units digit of l?
1
Let g(t) be the third derivative of 3*t**4/2 - t**3 - 2*t**2 + 36*t. What is the hundreds digit of g(13)?
4
Let v(b) = 5*b - 121. Let z(h) = 77*h - 1813. Let f(y) = -91*v(y) + 6*z(y). What is the units digit of f(38)?
9
What is the hundreds digit of (2/3 + 1)*4267743/305?
3
Let f(r) be the first derivative of r**3/3 - r**2/2 - 9*r - 13. Let s be f(-4). Let d(v) = 22*v - 63. What is the units digit of d(s)?
9
Let h(s) = s**3 + 6*s**2 - 133*s - 698. Let w be h(-5). Let t(o) = o. Let y(b) = -3*b**2 - 11*b + 8. Let l(q) = -5*t(q) - y(q). What is the units digit of l(w)?
6
Suppose -37*p - 2*a + 76088 = -33*p, 3*a - 19007 = -p. What is the tens digit of p?
2
Let t = 87630 - 52127. What is the hundreds digit of t?
5
Let b(z) = z**2 - z - 8. Let o = -40 + 43. Let t be b(o). Let f(r) = 20*r**2 - 3*r. What is the tens digit of f(t)?
8
Let m(r) = 126*r**2 + 130*r**2 + 11*r - 242*r**2 - 4 + 22. What is the units digit of m(-6)?
6
What is the hundreds digit of (-61580)/(-16) - -4*2/32*1?
8
Let b = -27 - 0. Let u be (-116)/36 + (-6)/b. What is the tens digit of (-1)/(-2 - u) + 22?
2
Suppose m - 6*m = 2*m. Suppose 6*s + m*s = -168. What is the units digit of 123/2*s/(-42)?
1
Let r(o) = 3125*o - 44. What is the thousands digit of r(3)?
9
Let c be 3*(-6)/27*33/(-2). Suppose -4*i + 7*j = c*j - 1720, 4*j - 1295 = -3*i. What is the hundreds digit of i?
4
Let w = 38 + -22. What is the hundreds digit of 3/(24/9236) + (-8)/w?
1
Suppose -12 = 2*r, 249*b - 4*r + 123591 = 252*b. What is the thousands digit of b?
1
Suppose -670*y + 101850 = -665*y. Suppose 17*d - y = 2*d. What is the tens digit of d?
5
Let a be 10 + 3 + (1 - 2). Suppose -9*o = 6*o - 225. Suppose a*k = o*k - 288. What is the tens digit of k?
9
Let a(r) = -109*r - 2175. What is the hundreds digit of a(-27)?
7
Let u(f) = -4*f - 14. Suppose -6*j = 250 - 34. Let s = j + 24. What is the tens digit of u(s)?
3
Let r(f) = f**2 - f - 4. Let q be r(3). Suppose 0 = -g - 5*z + 14, -q*g - 8 = 2*z - 4*z. What is the tens digit of g + -1 - (4 + (-5 - 26))?
2
Let f(q) = 2*q - 17*q**2 + 17*q**2 + 3*q**2. Let r(s) = s**2 + 8*s - 6. Let d be r(-8). What is the units digit of f(d)?
6
Let h(k) = k**3 - 14*k**2 + 2. Let d be h(14). Suppose m + 2*m + 1 = -p, d*m = -4. Suppose -4 = -l - 2*s + 110, 4*s + 500 = p*l. What is the units digit of l?
4
Suppose 19*w = -19*w + 138457 + 21561. What is the hundreds digit of w?
2
Let q = 6407 + 163. What is the tens digit of q?
7
What is the hundreds digit of 6*505/(-4)*198/(-55)?
7
Suppose -6621 = -29*f - 270. What is the tens digit of f?
1
Let q = 13183 - 11374. What is the thousands digit of q?
1
Suppose 3*q = 12, 0 = -6*h + h - 2*q + 253. Let w = h - 45. Suppose 0 = 7*j - w*j - 102. What is the units digit of j?
4
Suppose 255 = t - 5*k, k + 1319 = 5*t - 2*k. Let z = t - 107. Suppose b = -p + z, 0 = 4*p + 2*b - 6*b - 640. What is the tens digit of p?
5
Suppose 3*x = -5*q + 3543, -8*q + 1181 = x - 9*q. What is the thousands digit of x?
1
Let f be -5*1*-1*(-317 + 316). What is the units digit of (f - (-5 + -4)) + 0 + 635?
9
Suppose 0 = 5*x - 45*x + 183960. What is the units digit of x?
9
Suppose -135404 = -14*b - 52160. What is the hundreds digit of b?
9
Let r(u) = 2*u**3 - 6*u**2 - 5*u + 25. Let h = -326 - -331. What is the units digit of r(h)?
0
Let x be 2/15*-3*-35. Suppose x*a - 544 = 2340. Suppose 0 = d + o - a, 3*o = -0*o + 12. What is the units digit of d?
2
Suppose 31*r = -23*r + 87*r - 501897. What is the ten thousands digit of r?
1
Let f = -481 + -168. Let w = 865 + f. What is the hundreds digit of w?
2
Let x(w) = 62*w**3 - 2*w**2 - 12*w + 13. Let f be x(6). Suppose -8*o = -f - 251. What is the units digit of o?
9
Suppose -w + 830 + 24088 = 4*i, 3*w + i = 74754. What is the ten thousands digit of w?
2
Suppose 35*j - 10530 = -5*b + 31*j, -5*j = -25. What is the thousands digit of b?
2
Let q = 65 - 57. Let g be 4*1/q*0. Suppose x + 5*i - 127 = -g, -5*i + 675 = 5*x. What is the hundreds digit of x?
1
Let b = -110 + 122. Suppose -b = -4*y, j + 3*y = 6*j + 504. Let c = 283 + j. What is the hundreds digit of c?
1
Let f be (-2 + 5 + 25)*13. Let o = f - 182. Suppose 2*q - o = -8. What is the units digit of q?
7
Let l(w) = 677*w + 135. Let h be l(7). Suppose -3*j + h = 4*p - 627, 5*j = -p + 1354. What is the tens digit of p?
7
Suppose -5*z = -5, -5*f + 253 = -5*z - 32. Let s be 21/(-9) + 2 + 7/3. Let m = s + f. What is the units digit of m?
0
Let l = 2330 - 428. Let b = l - 766. What is the thousands digit of b?
1
Let a(l) = 739*l - 141. What is the tens digit of a(12)?
2
Let h = -143 + 72. Let b = h + 338. What is the tens digit of b?
6
Let l(b) = 12*b**3 - 7*b**2 + 17*b - 43. Suppose w = 4*a - 12, 3*w - 28 = w - 5*a. What is the hundreds digit of l(w)?
6
Suppose 23*i - 27*i = -133572 - 50796. What is the thousands digit of i?
6
Let h = 29 - 42. What is the tens digit of h/((-39)/2)*1110?
4
Let w = -19 - -11. Let p(i) = -133*i - 17. Let b(u) = 233*u + 35. Let j(l) = 4*b(l) + 7*p(l). What is the units digit of j(w)?
3
Suppose s - 1470 = -1460. Suppose 224 = s*y - 56. What is the tens digit of y?
2
Let j = 252 - 247. Suppose 0 = j*y, 3*y + 2802 = 3*h + 2*y. What is the hundreds digit of h?
9
Let u be 2/10 + (-103190)/(-50). Suppose -526 = -t -